 - 4 = -5*x, 5*u - x = 4. Suppose 4*c = -5*i + 567, u = -3*i - 3*c - 2*c + 335. What are the prime factors of i?
5, 23
Let g be (2/(-6))/((-1)/786*2). Suppose 2*x = 2*t - 332, -g = -t - x + 43. List the prime factors of t.
2, 5, 17
Let c be 42/(-4)*6 - 0. Let u = c - -218. List the prime factors of u.
5, 31
List the prime factors of 2042/4 + 47/94.
7, 73
Let h(x) = x - 5. Let p be h(8). Suppose 66 = -u + p*u. Let w = -8 + u. List the prime factors of w.
5
Suppose b + 3*i = 11, -2*i + 8 = 2*b - 14. Let q be b + (-1 + 4 - 2). Let z = -9 + q. List the prime factors of z.
3
Suppose -3*l + r = 1 + 6, 13 = -5*l + 2*r. What are the prime factors of l/(-2) + 3618/12?
2, 151
Let r = -5 - -30. What are the prime factors of (-10)/r*(-27 + 2)?
2, 5
Let p be -2 - 132/(-18)*(-27)/(-6). Let k = 74 + p. List the prime factors of k.
3, 5, 7
Let t(s) = s**2 + 5*s - 7. Let u be t(-6). Let q(j) = -2*j**3 + 2*j**2 + j. Let w be q(u). Suppose -w*v = 2*v - 200. List the prime factors of v.
2, 5
Suppose 0 = -7*w - 696 + 9005. What are the prime factors of w?
1187
What are the prime factors of 23/((-23)/(-1538)) - 12?
2, 7, 109
Suppose -2*p + 4*a - 2 = 2*a, 2*a + 2 = 4*p. Let j(m) = -1 + p*m - m**3 - 3*m**2 - 3*m**2 - 8*m + 2*m**3. What are the prime factors of j(7)?
2, 3
Suppose 3*q + 4 = 2*m, m - 2*q - 2 = -0*m. List the prime factors of (m + 5/(-3))/(2/714).
7, 17
Suppose 4*o + 114 = 7*o. Suppose -2*z + o = -z. What are the prime factors of z?
2, 19
Suppose -15 = -3*c - 3. Let a(w) = 2*w**2 - 9*w + 3. Let r be a(c). What are the prime factors of 32*r/(-2) + -1?
3, 5
Suppose 5*m - 43 = -4*n, 2*m - 4*n + 22 = 4*m. Suppose -16*a + 41 + 7 = 0. Suppose -4*y + a*b = -107, -b + m = y - 11. List the prime factors of y.
23
What are the prime factors of -5 + (871 - (-7 + 3 + 6))?
2, 3
What are the prime factors of ((-2)/3)/(36/(-13014))?
241
Suppose 405 = 44*m - 37611. List the prime factors of m.
2, 3
Suppose -5*c + 0*c + 15 = 0. Suppose -2*w - 2 = -4*p + c*p, p - 2 = 5*w. Suppose 2*b + 1 - 51 = w. What are the prime factors of b?
5
Let q(h) = h**2 - 10*h. Let w be q(10). Suppose 3*b - 2*t = -12, b + w = 2*t - 4. Let i = b + 15. What are the prime factors of i?
11
Let o = 20 + -18. List the prime factors of 180/18 - (-8)/o.
2, 7
Let y = 13 - 11. Suppose -33 = y*v - 3*v. List the prime factors of v.
3, 11
Let o be (-10 - (-4 - 0))/(-3). Suppose 4*x = o + 18. List the prime factors of x.
5
Let r(g) = 2*g**2 - 6*g + 592. List the prime factors of r(0).
2, 37
Suppose 3*s = 4*s - 107. Let m = -12 + s. Suppose q = 3*w - 40 - 32, -m = -4*w + q. List the prime factors of w.
23
Suppose 2*d - 317 = 3*y, -6*y = -y - 2*d + 535. Let t = y + 131. What are the prime factors of t?
2, 11
Suppose -4 = -3*x + 5*x. Let c be 84/6*(-1 - x). What are the prime factors of (-2384)/(-56) + (-8)/c?
2, 3, 7
Let h be -3 + (12/(-2))/(-2). Let k(g) = g**3 + 5*g + 309. What are the prime factors of k(h)?
3, 103
Let k(i) = -i**3 + 7*i**2 - 4*i - 3. Let o be k(6). What are the prime factors of (9/o)/(2/60)?
2, 3, 5
Let g(v) = v**3 - 7*v**2 + 8*v - 12. Let b be g(6). Suppose 160 = -2*l + t + 25, l - 2*t + 63 = b. Let n = 139 + l. What are the prime factors of n?
2, 5, 7
Let a(n) = n**3 - 9*n**2 - n + 8. Let l be a(9). Let d be (l*48)/((-9)/(-6)). Let x = -18 - d. What are the prime factors of x?
2, 7
Suppose -245 = -4*l - 5*b, -3*l - 4*b - 35 + 218 = 0. Suppose 4*r - 60 - 20 = -w, 0 = 3*r + 12. Let f = w - l. What are the prime factors of f?
31
Suppose -3*b - 5*f - 5 = 2*b, -3*f - 5 = b. Suppose i = -n + 2, 5*i - 2*n - b = 9. Suppose -5 - 1 = -i*u. What are the prime factors of u?
3
Suppose 2*u - 4*r = 254, 0 = 14*r - 9*r - 5. What are the prime factors of u?
3, 43
Suppose -u + 3*y = 2*y - 374, 3*u + 2*y - 1117 = 0. Suppose -3*t + u = 40. What are the prime factors of t?
3, 37
Let s(f) = 2 + 4 + 0 + f. Let k be s(-5). Suppose 0 = 3*x - k - 41. List the prime factors of x.
2, 7
Suppose 0 = -5*l - n + 6049, 4*l = 8*l - 2*n - 4842. List the prime factors of l.
2, 5, 11
Let m(p) = -10*p + 7. Let i be m(-14). What are the prime factors of i/3*(-4 - -5)?
7
Suppose -x + 3*g = 40, -x - x + g - 75 = 0. Let a(v) = -4*v**2 + v + 5. Let i be a(-4). Let h = x - i. What are the prime factors of h?
2, 13
Let p be (-2)/6 + 80/15. Suppose 0*z = -p*g - 3*z + 111, 8 = 4*z. What are the prime factors of g*(1 - 4/(-12))?
2, 7
Let k(r) = 81*r**2 - 77*r + 17. List the prime factors of k(7).
3, 383
Let p = 577 + 20. List the prime factors of p.
3, 199
Suppose -223 = -3*f + t, 0 = -3*f - 4*t + 337 - 89. Let y = -158 + f. Let j = -57 - y. List the prime factors of j.
5
Suppose l - 5643 = -10*l. List the prime factors of l.
3, 19
Let d(y) = -88*y - 4. Let w be d(-1). Suppose -5*z = -w - 241. What are the prime factors of z?
5, 13
Suppose -r = 2*k - 10897, 16349 = -11*k + 14*k - 2*r. List the prime factors of k.
5449
Let w(k) = -258*k - 9. What are the prime factors of w(-2)?
3, 13
Let s = 16 - 12. Let f be -3*(s + 43/3). Let w = 85 + f. What are the prime factors of w?
2, 3, 5
Suppose 2*r = -5*n - 13, -n + 4*r = 2*r - 7. Let o be (-3)/(-1)*(0 - n). Suppose 0 = o*k - 16 - 20. What are the prime factors of k?
2, 3
Let b = -23 + 25. Suppose -4*z + a + 476 = -2*a, b*z = 5*a + 224. What are the prime factors of z?
2, 61
Suppose 3*a - 213 - 918 = 0. What are the prime factors of a?
13, 29
Let n = -10 + 15. Suppose 4*x = 2*j + 218, 0*x - 174 = -3*x + n*j. List the prime factors of x.
53
Suppose h - 488 = -h - 4*b, 2*h - 492 = -5*b. List the prime factors of h.
2, 59
Suppose 4*f - 445 - 263 = 0. Let k be f/5 - (-2)/(-5). Let c = k + -26. What are the prime factors of c?
3
Let v be 3*(-3)/9 + 55. Suppose -5*c + v = -3*b + 2*b, 0 = 5*b + 20. List the prime factors of c.
2, 5
Let v(n) = n**3 - 12*n**2 + 12*n - 5. Let p be v(11). Suppose -2*t + 4 = -p. Suppose 2*m - 29 = 2*j - 87, t*j + 3*m = 137. What are the prime factors of j?
2, 7
Let z(n) = 21*n**2 + 16*n - 64. List the prime factors of z(-10).
2, 7, 67
Suppose 4*g - 38 = 3*p, 5*g + p - 57 = -0*p. Let z = g - 13. List the prime factors of (-2)/4*(z - 12).
7
Suppose -789*i = -790*i + 2349. List the prime factors of i.
3, 29
Suppose 52*t + 2*b = 47*t + 1191, -3*t - 3*b + 720 = 0. What are the prime factors of t?
3, 79
Let j = -563 + 1812. What are the prime factors of j?
1249
Suppose -2*o = 2, 6 = 4*u - 3*u - 4*o. Suppose -5*w = -r - 152, 3 = -u*r + 9. List the prime factors of w.
31
Let f(p) = 2*p**2 + 5*p**2 + p**2 - 5*p**2. Let t be f(1). Suppose -81 = t*z - 6*z. What are the prime factors of z?
3
Let b(r) = -r + 7. Let l be b(4). What are the prime factors of 63/l*(-33)/(-3)?
3, 7, 11
Suppose a - 18282 = -21*a. List the prime factors of a.
3, 277
Let h be (5*((-173)/(-5) - 3))/(-2). Let z = h + 146. What are the prime factors of z?
67
List the prime factors of 537*4 + (-3)/(3/4).
2, 67
Let a(k) = k**2 + 7*k + 5. Let f be a(-7). Suppose -3*z + 4*v = -18, 2 + 17 = f*z - 3*v. What are the prime factors of z*-1*(-36)/8?
3
What are the prime factors of (6 - 7) + 4 + 944/4?
239
Suppose -4890 = -3*d + 5*h - h, 2*h = 2*d - 3262. List the prime factors of d.
2, 19, 43
Let w(a) be the third derivative of -a**4/24 + 25*a**3/6 - 4*a**2. Let u be w(10). List the prime factors of 1071/u - 6/15.
71
Let c = -5216 + 8109. What are the prime factors of c?
11, 263
Let n(k) = k**2 - 14*k + 254. List the prime factors of n(24).
2, 13, 19
Suppose -17 = -9*b - 260. Let z = 72 + b. List the prime factors of z.
3, 5
Let u = 1002 - 555. What are the prime factors of u?
3, 149
What are the prime factors of 3/5 - (-4817666)/965?
4993
What are the prime factors of ((-2042)/8)/((-4)/16)?
1021
Let o(y) = y**3 - 5*y**2 + 4*y + 3. Suppose q + 16 = 5*q. Let s be o(q). Let k = 11 - s. List the prime factors of k.
2
Suppose 176 + 898 = 2*t. Suppose 107 - t = -5*b. Suppose 3*j = -5*k + j + b, 0 = -2*k + 5*j + 46. What are the prime factors of k?
2, 3
Let q(s) = 14*s**2 - 15*s - 2. List the prime factors of q(-5).
3, 47
List the prime factors of ((-52)/12 - 7)*-27.
2, 3, 17
Suppose 0 = -5*l + 22446 + 5754. What are the prime factors of l?
2, 3, 5, 47
Suppose -n + 2*y = -4, -3*n + 2*y + 0*y = -12. Suppose -l - v = 2*v - 39, -n*v - 140 = -4*l. What are the prime factors of l?
2, 3
Let p = 861 - 801. Suppose -2*f - 36 = -2*q